uppose 0 = -7*l + 9*l + 31*l - 4290. Calculate the remainder when 7018 is divided by l.
128
Suppose 0 = 12*u + 1707 + 2097. Let p = -240 - u. Let d = -1 - -15. Calculate the remainder when p is divided by d.
7
Calculate the remainder when (-4 - (-8 - 8)) + 838 is divided by 23.
22
Suppose -4*u - 51 = -5*b, -5*b + 2*u = 5*u - 23. Suppose -b*n + 66 = -5*n. What is the remainder when (-1)/(1/(-99)) + -2 is divided by n?
31
Let u(b) = -b**2 + 6*b + 11. Let i be u(8). Let m(x) = 13*x**2 - 2*x + 4. Calculate the remainder when m(i) is divided by 31.
29
Suppose r - 2*d - 24 = 0, 3*d - 34 = -r - 5. Calculate the remainder when 181 is divided by r.
25
Let d(n) = -11*n - 4. Let t(x) = -2*x**2 - 6*x - 13. Let m be t(-4). Let c = m - -19. Calculate the remainder when 89 is divided by d(c).
17
Let g = -26 + -50. Suppose -50*n = -42*n + 824. Let m = g - n. What is the remainder when m is divided by 6?
3
Suppose -313215 = -206*n + 66649. What is the remainder when n is divided by 71?
69
Suppose 585 = 4*m + l, 3*l = 3*m - 2*l - 410. Let t(u) = 5*u + 9. Let g be t(-2). Calculate the remainder when m is divided by (10/(-30))/(2/(-125 + g)).
19
Let i = -43 - -43. Suppose -v = -4*c + 9, -v + 18 = -i*c + 5*c. What is the remainder when ((-8)/6)/(2/(-18)) is divided by c?
0
Let k = -34 - -137. Suppose 3*n + 8*n + 495 = 0. Let f = 63 + n. Calculate the remainder when k is divided by f.
13
Suppose -11*j + 5064 = -2955. Let r = j + -443. Calculate the remainder when r is divided by 55.
11
Let k = 1499 + -1493. What is the remainder when 136 is divided by k?
4
Suppose -765 = -13*p - 2*p. Calculate the remainder when (22/(-8))/(8 - 963/120) is divided by p.
8
Suppose -291*r + 65469 + 110515 = 17680. Let i = 12 - -1. Calculate the remainder when r is divided by i.
11
Let f be (4 - 9) + (-8)/(-3)*6. Let i(c) = c**3 - 9*c**2 - 18*c - 11. Calculate the remainder when 125 is divided by i(f).
26
Let a = -3946 - -25305. Calculate the remainder when a is divided by 240.
239
Suppose -22*j + 397 + 153 = 0. Calculate the remainder when 127 is divided by j.
2
Let k be -2 + (-2 - 2) - 1216/(-2). Suppose 498*b - 491*b = k. What is the remainder when b is divided by 66?
20
Let t = 2227 + -1630. Calculate the remainder when 1202 is divided by t.
8
Let i(u) = 335*u**2 + 65*u - 133. Calculate the remainder when i(2) is divided by 61.
56
Let p(c) be the second derivative of -25*c**3/3 + 78*c**2 + 157*c. Suppose -3*z = -z - 18. What is the remainder when z is divided by p(3)?
3
Let a be (3 + -3)*(5/(-5))/(-1). What is the remainder when 171 is divided by 775/9 - (a - (-9)/81)?
85
Suppose 2*v + 45 = 3*s, -5*s + 8*v + 70 = 3*v. Calculate the remainder when 62 is divided by s.
11
Let b(x) = 4*x**2 + 572*x + 1151. What is the remainder when 2/2*214/2 is divided by b(-2)?
15
Let l = -19 - -146. Let f be 5/15 + 476/(-6). Let k = l + f. Calculate the remainder when k is divided by 26.
22
Let y = 3985 - 3901. Calculate the remainder when 949 is divided by y.
25
Suppose 11904 = 32*g - g. Suppose -218 = -7*w + g. Calculate the remainder when w is divided by 24.
14
Let a(z) = 5*z**2 + z + 1. Let u be a(-5). Suppose 5*f - 249 - u = 5*d, -5*f + 370 = 5*d. What is the remainder when f is divided by (-72)/(-1*3) + 2?
22
Suppose 4*u + 2105 = -6*u + 15*u. What is the remainder when u is divided by 105?
1
Suppose 6*g - 44 + 8 = 0. Suppose 5*j - g - 9 = 0, 2*r + 3*j = 159. What is the remainder when r is divided by 39?
36
Suppose 0 = 3*t - 2*t + y + 3, -5*t + 35 = -5*y. Suppose -t*m = -a + 4*a + 119, 2*m + 41 = -a. Let d = 45 + a. What is the remainder when 23 is divided by d?
5
Let q be ((5 + -267)/(4/8))/2. Calculate the remainder when 99 is divided by (-64)/(-40) - 2 - q/5.
47
Suppose -111*v = 397*v + 219*v - 21083. Let r(o) = -38*o. Let m be 2/6 - (-21)/(-9). Calculate the remainder when r(m) is divided by v.
18
Let n(w) = 5*w**2 + 20*w + 20. Suppose -2*b - 33 + 19 = 0. Calculate the remainder when n(b) is divided by 63.
62
Let t be (1 + 4)*(2 - 1). Suppose t*s - 110 = 45. Calculate the remainder when s is divided by (-63)/(-252)*((-256)/2)/(-4).
7
Let n = -75 + 92. Suppose -10*b = -n*b + 84. What is the remainder when 82 is divided by b?
10
Calculate the remainder when 2115 is divided by (-2*412/(-12))/((-96)/(-144)).
55
Let x = -21530 - -21573. What is the remainder when 4812 is divided by x?
39
Let a(j) = -j**3 - 5*j**2 + 40*j + 297. What is the remainder when a(-10) is divided by 17?
6
Let u = -2 - 3. Let q = 26 + u. Calculate the remainder when (8723/165 - -26) + ((-16)/(-30))/4 is divided by q.
16
Let f be (-15)/(-9) - 1 - (-122)/6. Suppose -2*j + 1 - f = 0. Calculate the remainder when 116 is divided by (-6 - -4)*(j - 0).
16
Suppose -438*n = -2*q - 443*n - 22, 5*q - 3*n = 69. Suppose 75 = 3*m - 3*d, -2*d = -2*m + d + 45. Calculate the remainder when m is divided by q.
3
Suppose 0*b - 4*b = -8*b. Suppose b*g = -5*g + 25. Suppose g*s = -0*s + 690. What is the remainder when s is divided by 47?
44
Let x(y) = -25*y**2 + 7*y - 6. Let n be x(1). What is the remainder when 82 is divided by 30*(-6)/n*6?
37
Let m(s) = -s**2 + 8*s - 9. Let o be m(5). Let a(b) = -2*b + 21. What is the remainder when 42 is divided by a(o)?
6
Suppose 56*l - 155*l - 293*l + 1049776 = 0. What is the remainder when l is divided by 47?
46
Let s(u) = -u**3 - 28*u**2 - 9*u - 237. Suppose 3*m - 69 = -3*w, w = 5*w + m - 98. What is the remainder when w is divided by s(-28)?
10
Let m = -422 + 233. Let c = m + 206. What is the remainder when 457 is divided by c?
15
Suppose 2*u - 1 = -7, -3*u = -4*t + 89. Suppose -3*p + 21 = o, -3*p + 5*o + 6 + 15 = 0. Suppose p = 4*x - 21. Calculate the remainder when t is divided by x.
6
Let x(w) = 20*w + 29. What is the remainder when 154/5 - ((-78)/15 - -6) is divided by x(-1)?
3
Let f(c) = -c**3 - 15*c**2 - 44*c + 1. Let q be f(-3). Suppose -2420 - 1755 = -q*n. Calculate the remainder when n is divided by 59.
49
Let l be ((-3)/3)/((-23)/483). Calculate the remainder when 53/(2/5 - l/(-210)) is divided by 10.
6
Suppose 59877 = 46*a + 11439. What is the remainder when a is divided by 28?
17
Suppose 0 = -3*l - s + 1964, -4*s + 2156 - 186 = 3*l. What is the remainder when l is divided by 90?
24
Let n(w) = w**3 + 9*w**2 + 8*w + 1. Calculate the remainder when n(-6) is divided by 2106/(-1287)*(2/4)/((-21)/308).
1
Let f(v) = -3*v - 8. Let t be f(-8). Suppose 0 = -20*j + t*j - 3*w + 665, 2*j + 4*w = 320. Calculate the remainder when j is divided by 35.
30
Let n(j) = j**3 - 11*j**2 + 8*j + 22. Let s be n(10). Suppose 2*o - 36 = -s*o. Suppose 5*i - o*i + 32 = 0. What is the remainder when i is divided by 5?
3
Let b(r) = 10*r + 9. Let z = 36577 - 36571. Calculate the remainder when b(8) is divided by z.
5
Let j = 1035 + -868. Let v(m) = m**2 - m - 2. Calculate the remainder when j is divided by v(6).
27
Let m = 56 - 56. Suppose 81 = -2*z + 3*z. Suppose m = -4*d + 7*d - z. What is the remainder when d is divided by 6?
3
Let l be (-1 - (6 - -1))/(-4 - -2). Suppose -l*r + 245 = -415. Calculate the remainder when r is divided by 59.
47
Let c = 230 - 238. What is the remainder when (-3)/12 - (-61)/4 is divided by (-7)/2*((-528)/(-77) + c)?
3
Let n = 199 - -76. Let k = -270 + n. Let s = 6 - -2. What is the remainder when s is divided by k?
3
Suppose -2*l + 18*l + 512 = 0. Let f(r) = -2*r**2 - 63*r + 103. What is the remainder when f(l) is divided by 27?
17
Let w = 21396 - 20722. What is the remainder when w is divided by 381?
293
Calculate the remainder when 620 is divided by (45/(-7)*8/20)/(366/(-17080)).
20
Suppose 23*f = 27*f + 32. Let q(a) = 5*a**2 + 27*a - 1. Calculate the remainder when q(f) is divided by 9/2*(32 - 26).
22
Calculate the remainder when ((-3040)/140 + 22)*(-2996)/(-2) is divided by 72.
68
Let a(m) = -m**3 - 5*m**2 - 7*m - 8. Let x = 17 - 15. Suppose b + 5 = 3*t, b + 2 = -x*t - 3. What is the remainder when a(b) is divided by 5?
2
Let q = 5351 - 5346. Let p(j) = -3*j - 3 - 3 + 4*j. What is the remainder when q is divided by p(8)?
1
Let q(t) = t**2 + 16*t - 77. Let w be q(-24). Suppose w*x - 122*x + 483 = 0. Calculate the remainder when x is divided by 12.
9
Suppose 2*u - 35 - 7 = 0. Suppose 57*w = 54*w - 111. Let h = w - -96. Calculate the remainder when h is divided by u.
17
Suppose -12*q +